he units digit of t?
5
Let u(l) = 3*l - 1. Let h be u(1). Suppose 0 = 5*b - 3*y + h*y + 325, -330 = 5*b - 2*y. What is the tens digit of 24*(b/(-12) + -3)?
5
Suppose -4*d - 19*d - 29532 = 0. Let j = d + 2511. What is the tens digit of j?
2
What is the units digit of -5*1 - 44646/(-6 + -15)?
1
Let f = -14 + -119. What is the tens digit of (-45)/18*f/(-5)*-6?
9
Suppose 3*m - 25*o + 38 = -29*o, 2*m + 25 = -3*o. What is the tens digit of m/(-28) + (-107)/(-2)?
5
Suppose 0 = -3*t - 266 - 193. Let r = -28 - t. Suppose 0 = 12*h + r - 485. What is the units digit of h?
0
Let z(o) = 57*o - 2. Let u be z(3). Let l be (-12 + 22 - 11)*-4. Suppose -l*c = -u + 17. What is the tens digit of c?
3
Let p = -47 - -58. Let v = -24 + 55. Let j = v - p. What is the units digit of j?
0
Suppose -329 = -5*p + z, -41*p + 61 = -40*p + z. Let b = 515 - p. What is the tens digit of b?
5
Let w(g) = 24*g**2 - 176*g + 4120. What is the thousands digit of w(19)?
9
Let b be ((-42)/(-18) - -3)/((-2)/(-3)). Let p = b - -77. What is the units digit of p?
5
Suppose 0 = -2*a - a - n + 11, 0 = -3*a + n + 1. Suppose 86 = d + 93. What is the units digit of (-2 + a - 1)/(d/322)?
6
Suppose -130 = -4*m - 2*a, -2*m + m - 3*a + 45 = 0. Suppose 4*c + 4 = 0, j - m = -2*j + 3*c. Suppose -j*l - 330 = -20*l. What is the units digit of l?
0
Let d = 85871 + -46022. What is the hundreds digit of d?
8
Let x(o) = 2*o**2 + 37*o - 140. Let t(g) = -3*g**2 - 41*g + 139. Let y(v) = -3*t(v) - 4*x(v). What is the hundreds digit of y(34)?
4
Let q be ((-32)/10)/(22/(-55)). Suppose -9*y - 11 = -q*y. What is the tens digit of 2/y - 2520/(-66)?
3
Suppose j - 2473 = -0*j + 3*c, -3*j + c = -7387. Suppose -251 + j = 17*q. What is the tens digit of q?
3
What is the tens digit of 30 + 2232 + (-3)/(-1) + -3?
6
Suppose -4*d - 201 = -97. Let l(k) = -k**3 - 26*k**2 - 3*k - 26. What is the units digit of l(d)?
2
Let d(a) = -a + 2. Let v be (5 - 6)*((1 - 2) + -3). Let f be d(v). Let c(g) = 14*g**2 - 2*g - 4. What is the tens digit of c(f)?
5
Let g = 12767 - 1042. What is the thousands digit of g?
1
Suppose 158936 = 3*v + 4752*x - 4756*x, 0 = 4*v - 2*x - 211908. What is the tens digit of v?
7
Let g(x) = 2*x**3 + 7*x**2 - 2*x - 27. Let i = 33 - 28. What is the tens digit of g(i)?
8
Let j = 16627 + -8240. What is the thousands digit of j?
8
Let f be 38 + -29 - (-1 - (-6 + 1)). Let q(k) = 11*k**2 + 7*k - 41. What is the tens digit of q(f)?
6
Let a(p) = 154*p - 3152. What is the units digit of a(71)?
2
Let w be 1*2/(2 - (-76)/(-36)). Let b be (15/(-3))/(w/15 - -1). Suppose 0 = -3*i + 8*i - b. What is the units digit of i?
5
Let d(y) = -y**3 + 22*y + 12. Let o be d(-5). What is the tens digit of 54*1/3*o?
8
Let g(f) = -16*f**3 + 32*f**2 + 14*f - 24. What is the hundreds digit of g(-8)?
1
Suppose z - 30 + 10 = 0. Suppose -4*y + z = -i + 5*i, -y - 5*i + 13 = 0. What is the tens digit of 1 - -3 - (0/y - 60)?
6
What is the units digit of (-6713685)/(-959) + (-5)/7?
0
Let x(a) = -a**2 - 6*a - 2. Let r be x(-5). Suppose -r*g + 185 = -349. What is the tens digit of g?
7
Suppose 148*i - 74*i = 5746618. What is the ten thousands digit of i?
7
Let y(v) = -1114*v + 1834. What is the hundreds digit of y(-7)?
6
Suppose -16*p - 26*p = 182*p - 6298432. What is the ten thousands digit of p?
2
Suppose 186*y - 612608 + 107990 = 0. What is the units digit of y?
3
What is the thousands digit of ((-34)/(-10))/((-148)/(-4255))*(-2 - -90)?
8
Let c = 117 - 111. Let p = 34 - c. What is the tens digit of p?
2
What is the ten thousands digit of (52092 - -45) + 69/3?
5
Suppose 27*s = 26*s + 28. Suppose 0 = -0*z + 14*z - s. Suppose w + 2 = 0, -750 = -3*u + z*w - 125. What is the hundreds digit of u?
2
Let a be ((-1)/(-2))/((-1)/(-6)). Let q = -320 + 337. Suppose -119 = -a*y - q. What is the units digit of y?
4
Suppose -10*k + 7*k - 16 = 2*z, -2*k - 9 = z. Let c(q) = 5*q**2 - 16*q + 16. What is the hundreds digit of c(z)?
2
Let y(n) = -4*n**2 - 4*n - 32 + 21 - 8*n + 3*n**2. Let h = -4 - 0. What is the units digit of y(h)?
1
Suppose 365*i + 361608 = 5043828. What is the ten thousands digit of i?
1
Let j(q) = 99*q**3 + 3*q**2 - 4*q + 23. What is the hundreds digit of j(4)?
3
Let q(k) = -361*k - 142. Let w be q(-4). Suppose -31*u = -38*u + w. What is the tens digit of u?
8
Let h(j) = 14*j**2 - 32*j. Let b be h(10). Suppose -5*s + b = 150. What is the tens digit of s?
8
Let l be (1/(-3))/(5/15)*-514. Let o = -340 + l. Let p = -20 + o. What is the tens digit of p?
5
Let l(t) = 133*t - 23. Let w be 1 - (-1*2 - (7 + -5)). What is the tens digit of l(w)?
4
Suppose -72*u = -75*u + 5790. Suppose 0 = 18*l - 20*l + u. What is the units digit of l?
5
Suppose -2*j + b + 8181 + 9029 = 0, 4*j = -3*b + 34410. Suppose j = 33*s - 3837. What is the tens digit of s?
7
Let o be -1 + (282 - 0) + -1. Suppose 0 = -29*f - 17*f + 690. Suppose -o = f*i - 20*i. What is the tens digit of i?
5
Let o(c) = 3*c**2 - 9*c + 58. Let q be o(19). What is the units digit of (-2)/6 - q/(-3)?
3
Suppose 0 = -13*t + 232 - 63. Let p = 938 - t. What is the hundreds digit of p?
9
Let k = -1018 - -71. Let w = k - -2179. What is the thousands digit of w?
1
Suppose -14*w + 36*w - 140866 = 0. What is the hundreds digit of w?
4
Let g be (1*(4 - 4))/(14 + -12). Suppose 3*m - 6*m + 4*q + 538 = g, 5 = -5*q. What is the hundreds digit of m?
1
Let o = 3292 + 26544. What is the tens digit of o?
3
Let x(i) be the first derivative of i**4/4 + 19*i**3/3 + 15*i**2/2 - 49*i - 172. What is the units digit of x(-13)?
0
Suppose -167920 = -50*m + 13223 + 220207. What is the tens digit of m?
2
Suppose 0*j - 2*l - 26 = -3*j, 5*l - 19 = -3*j. Let w(o) = 7*o**2 - 17*o + 69. What is the tens digit of w(j)?
8
Suppose 0 = 4*q - w - 15944, 5*q - 6*w - 19929 = -5*w. Suppose 10*z - 1265 - q = 0. What is the tens digit of z?
2
Let q = -7077 - -20070. What is the units digit of q?
3
Suppose s - 2157 = -s - 5*u, 2 = -2*u. Suppose 4*x - y - s = 0, 5*x + 2*y = 1510 - 149. What is the units digit of x?
1
Suppose -6*y + 2*y = 5*j - 4, -4*j + 4 = 3*y. Suppose -13*o - 70 = -z - 8*o, -j*z = 4*o - 376. What is the units digit of z?
0
Let s(l) = 5*l**2 - 35*l - 404. What is the hundreds digit of s(-13)?
8
What is the thousands digit of 7557 + (120/(-10) - -3)?
7
Let o = -15629 + 15801. What is the units digit of o?
2
Let y(q) = 324*q**3 + 50*q**2 - 193*q - 16. What is the ten thousands digit of y(4)?
2
Suppose -16*k = -22*k + 4416. Suppose 4*f = -3*o + k, -2*o - f + 733 = o. What is the tens digit of o?
4
Suppose b - 5*b = -20, -4*z + 60706 = 2*b. What is the thousands digit of z?
5
Suppose 0 = 3*s, -s + 26015 = -3*g + 8*g. What is the units digit of g?
3
What is the ten thousands digit of 15702/1*10/(-6)*(-8)/20?
1
Suppose 5*g - 2 = 8. Let d(c) = 3 + 1 + c + 26*c**g - 5 - 1. What is the tens digit of d(-2)?
0
Let s be (-338 - -341)/((-3)/(-5)). Let y(f) be the third derivative of f**4 - 11*f**3/6 + f**2. What is the units digit of y(s)?
9
Let f = -1250 + 7045. Suppose 3*n + 89 = 77, f = 5*q + 5*n. What is the hundreds digit of q?
1
Let r(j) = 5*j. Let x be r(-6). Let g(q) = q**2 + 3*q + 2. Let i be g(-3). What is the units digit of x/(-25)*75/i?
5
Suppose 8*w = 25*w + 255. What is the hundreds digit of 100/w*1197/(-14)?
5
Let k be 1/(46/9 - 5). Suppose 0 = -k*t + 11*t - 408. What is the hundreds digit of t?
2
Suppose -31*u + 157 = -463. What is the hundreds digit of (3310*(-4)/12)/(u/(-30))?
6
Let n = -61631 - -96840. What is the thousands digit of n?
5
Let r(h) = -126*h + 15995. What is the units digit of r(24)?
1
Suppose 8*j = 40, 20*i - 16*i + 3*j - 3095 = 0. What is the tens digit of i?
7
Suppose -5*d + 26657 = -b, 5*d - 29*b = -34*b + 26675. What is the units digit of d?
2
Let t = -54 + 54. Suppose t = 4*r + 553 - 2725. What is the hundreds digit of r?
5
Let u(n) = 2*n + 18 - 12*n + 11*n. Let k = -14 + 5. What is the units digit of u(k)?
9
Let z = 10541 + -3753. What is the tens digit of z?
8
Let l = -24372 - -55024. Suppose 37*f = l + 10492. What is the thousands digit of f?
1
Let t be -1 - ((-60)/5 - -4). Suppose -125 = t*w + 85. Let x = 21 - w. What is the tens digit of x?
5
What is the units digit of -1029*41/(-2) - ((-168)/16)/7?
6
Let s be 240 - ((-8)/12 + 2/(-6)). Suppose 5*w + 3*b - 4*b = -421, w - 5*b = -89. Let y = s + w. W